{"id":13190,"date":"2024-07-08T15:03:52","date_gmt":"2024-07-08T18:03:52","guid":{"rendered":"https:\/\/amusicavive.com\/2024\/?page_id=13190"},"modified":"2025-01-24T16:32:02","modified_gmt":"2025-01-24T19:32:02","slug":"quem-somos-amv","status":"publish","type":"page","link":"https:\/\/amusicavive.com\/2024\/quem-somos-amv\/","title":{"rendered":"Quem somos AMV"},"content":{"rendered":"<div class=\"wpb-content-wrapper\"><p>[vc_row][vc_column][vc_column_text text_align_mobile=&#8221;center&#8221;]<span style=\"font-size: 14pt;\"><strong>QUEM SOMOS<\/strong><\/span><\/p>\n<p>A M\u00fasica Vive \u00e9 uma empresa de gest\u00e3o comercial para empres\u00e1rios e artistas do setor musical. Priorizamos transpar\u00eancia, compromisso e integridade. Nosso foco \u00e9 o aprimoramento cont\u00ednuo, responsabilidade social e encantamento dos clientes. Conhe\u00e7a nossos servi\u00e7os e transforme sua carreira musical conosco.<br \/>\n<img decoding=\"async\" class=\"size-medium wp-image-12340 aligncenter\" src=\"https:\/\/amusicavive.com\/2024\/wp-content\/uploads\/2023\/08\/a_musica_vive_identidade_visual_rgb_2023-16-300x212.png\" alt=\"\" width=\"200\" height=\"\" srcset=\"https:\/\/amusicavive.com\/2024\/wp-content\/uploads\/2023\/08\/a_musica_vive_identidade_visual_rgb_2023-16-300x212.png 300w, https:\/\/amusicavive.com\/2024\/wp-content\/uploads\/2023\/08\/a_musica_vive_identidade_visual_rgb_2023-16-1024x724.png 1024w, https:\/\/amusicavive.com\/2024\/wp-content\/uploads\/2023\/08\/a_musica_vive_identidade_visual_rgb_2023-16-768x543.png 768w, https:\/\/amusicavive.com\/2024\/wp-content\/uploads\/2023\/08\/a_musica_vive_identidade_visual_rgb_2023-16-1536x1086.png 1536w, https:\/\/amusicavive.com\/2024\/wp-content\/uploads\/2023\/08\/a_musica_vive_identidade_visual_rgb_2023-16-2048x1448.png 2048w, https:\/\/amusicavive.com\/2024\/wp-content\/uploads\/2023\/08\/a_musica_vive_identidade_visual_rgb_2023-16-806x570.png 806w, https:\/\/amusicavive.com\/2024\/wp-content\/uploads\/2023\/08\/a_musica_vive_identidade_visual_rgb_2023-16-500x354.png 500w, https:\/\/amusicavive.com\/2024\/wp-content\/uploads\/2023\/08\/a_musica_vive_identidade_visual_rgb_2023-16-550x389.png 550w, https:\/\/amusicavive.com\/2024\/wp-content\/uploads\/2023\/08\/a_musica_vive_identidade_visual_rgb_2023-16-700x495.png 700w, https:\/\/amusicavive.com\/2024\/wp-content\/uploads\/2023\/08\/a_musica_vive_identidade_visual_rgb_2023-16-400x283.png 400w, https:\/\/amusicavive.com\/2024\/wp-content\/uploads\/2023\/08\/a_musica_vive_identidade_visual_rgb_2023-16-2000x1414.png 2000w, https:\/\/amusicavive.com\/2024\/wp-content\/uploads\/2023\/08\/a_musica_vive_identidade_visual_rgb_2023-16-1000x707.png 1000w\" sizes=\"(max-width: 300px) 100vw, 300px\" \/>[\/vc_column_text][\/vc_column][\/vc_row][vc_row equal_height=&#8221;&#8221; shift_y=&#8221;0&#8243; z_index=&#8221;0&#8243; css=&#8221;.vc_custom_1720462337067{margin-top: -50px !important;}&#8221;][vc_column width=&#8221;1\/2&#8243;][vc_column_text text_align_mobile=&#8221;center&#8221;]<span style=\"font-size: 14pt;\"><strong>O QUE ACREDITAMOS<\/strong><\/span><\/p>\n<p>Respeitar o tempo, os espa\u00e7os e as intera\u00e7\u00f5es humanas nos faz mais plenos e \u00edntegros. Tudo onde temos o privil\u00e9gio de nos fazer passar traz trocas com resultados intang\u00edveis. Deixamos um pouco de n\u00f3s e recebemos muito do outro. Essa \u00e9 a mais bela responsabilidade da vida e a prova de que nada acontece por acaso.[\/vc_column_text][\/vc_column][vc_column width=&#8221;1\/2&#8243;][vc_column_text text_align_mobile=&#8221;center&#8221;]<strong>Estar Presente<\/strong><br \/>\nSensibilizar-se com a conjuntura e viver os processos plenamente. Estar pleno de corpo e mente. Testemunhar a singularidade das coisas no tempo e no espa\u00e7o e perpetuar a beleza com responsabilidade social. Nosso trabalho \u00e9 um servi\u00e7o p\u00fablico e buscar\u00e1 o desenvolvimento e reconhecimento de toda e qualquer obra e of\u00edcio.<\/p>\n<p><strong>Observar e Aprender<\/strong><br \/>\nReconhecer fragmentos da hist\u00f3ria e buscar nos pequenos detalhes grandes oportunidades de mudar perspectivas. \u00c9 a busca pela verdade que encontra-se o caminho para o aperfei\u00e7oamento e a qualidade das rela\u00e7\u00f5es humanas. O valor da obra est\u00e1 no aprendizado e na conviv\u00eancia e harm\u00f4nia humana.<\/p>\n<p><strong>Construir Pontes<\/strong><br \/>\nInspirar-se no equil\u00edbrio e na justi\u00e7a do olhar genu\u00edno, buscar o conhecimento para agregar valor e respeitosamente construir intera\u00e7\u00f5es que se complementam e engrande\u00e7am as rela\u00e7\u00f5es humanas. Fazer todo o bem que puder, usando todos os meios que puder, de todas as maneiras que puder para todas as pessoas que puder, durante o maior tempo que puder.[\/vc_column_text][\/vc_column][\/vc_row][vc_row equal_height=&#8221;&#8221; shift_y=&#8221;0&#8243; z_index=&#8221;0&#8243; css=&#8221;.vc_custom_1720462345827{margin-top: -50px !important;}&#8221;][vc_column][vc_column_text text_align_mobile=&#8221;center&#8221;]<strong><span style=\"font-size: 14pt;\">NOSSOS VALORES<\/span><\/strong><\/p>\n<p>No mundo nada existe ou acontece por acaso, tudo \u00e9 consequ\u00eancia do conjunto de nossas a\u00e7\u00f5es e das a\u00e7\u00f5es de outrem. Acreditamos na ess\u00eancia das rela\u00e7\u00f5es, e por isso nossos valores guiam nosso dia e nossas percep\u00e7\u00f5es passam por nossos princ\u00edpios e valores:<\/p>\n<p><strong>COMPROMISSO<\/strong><br \/>\n<strong>APRIMORAMENTO<\/strong><br \/>\n<strong>TRANSPAR\u00caNCIA<\/strong><br \/>\n<strong>RESPONSABILIDADE SOCIAL<\/strong><br \/>\n<strong>SIL\u00caNCIO<\/strong><br \/>\n<strong>INTEGRIDADE<\/strong><br \/>\n<strong>ENCANTAMENTO<\/strong>[\/vc_column_text][\/vc_column][\/vc_row][vc_row columns_placement=&#8221;middle&#8221; equal_height=&#8221;&#8221; hide_class=&#8221;wvc-hide-tablet&#8221; background_type=&#8221;image&#8221; background_color=&#8221;transparent&#8221; background_img=&#8221;12856&#8243; background_position=&#8221;center bottom&#8221; background_img_lazyload=&#8221;1&#8243; shift_y=&#8221;0&#8243; z_index=&#8221;0&#8243;][vc_column width=&#8221;1\/2&#8243; background_type=&#8221;image&#8221; background_position=&#8221;center bottom&#8221; background_img_lazyload=&#8221;1&#8243; shift_x=&#8221;0&#8243; shift_y=&#8221;0&#8243; z_index=&#8221;0&#8243; css=&#8221;.vc_custom_1720463969599{padding-top: 0px !important;}&#8221;][vc_single_image image=&#8221;12340&#8243; full_width=&#8221;&#8221; opacity=&#8221;100&#8243; max_width=&#8221;50%&#8221;][\/vc_column][vc_column width=&#8221;1\/4&#8243; shift_x=&#8221;0&#8243; shift_y=&#8221;0&#8243; z_index=&#8221;0&#8243; css=&#8221;.vc_custom_1720463728843{padding-bottom: 30px !important;}&#8221;][vc_column_text]<span style=\"color: #f06798; font-weight: bold; font-size: 110%;\">Contato<\/span><\/p>\n<div>\n<div style=\"float: left; margin-right: 15px; font-size: 130%;\"><a href=\"https:\/\/www.linkedin.com\/company\/amusicavive\/\" target=\"_blank\" rel=\"noopener\"><i class=\"fas fa-fa-brands fa-linkedin-in\"><\/i><\/a><\/div>\n<div style=\"float: left; margin-right: 15px; font-size: 130%;\"><a href=\"https:\/\/open.spotify.com\/user\/jvuehrfiay1ssl1rbrp6g3meu?si=ad7082f25f8843ea\" target=\"_blank\" rel=\"noopener\"><i class=\"fas fa-fa-brands fa-spotify\"><\/i><\/a><\/div>\n<div style=\"float: left; margin-right: 8px; font-size: 130%;\"><a href=\"https:\/\/www.instagram.com\/a.musica.vive\/\" target=\"_blank\" rel=\"noopener\"><i class=\"fas fa-fa-brands fa-instagram\"><\/i><\/a><\/div>\n<\/div>\n<p>&nbsp;<\/p>\n<div style=\"float: left;\"><a href=\"mailto:atendimento@amusicavive.com\" target=\"_blank\" rel=\"noopener\">atendimento@amusicavive.com<\/a><br \/>\n+55 11 99984 9567<br \/>\n1091 Av Presidente Kennedy<br \/>\nPiracicaba, S\u00e3o Paulo<br \/>\n13417-050<\/div>\n<p>[\/vc_column_text][\/vc_column][vc_column width=&#8221;1\/4&#8243; shift_x=&#8221;0&#8243; shift_y=&#8221;0&#8243; z_index=&#8221;0&#8243;][vc_column_text]<span style=\"color: #fdb940; font-weight: bold; font-size: 110%;\">Sobre n\u00f3s<\/span><\/p>\n<p><a href=\"https:\/\/amusicavive.com\/2024\/landing-page-artistas-amv\/\">Conhe\u00e7a nossos artistas<\/a><br \/>\n<a href=\"https:\/\/amusicavive.com\/contrate\" target=\"_blank\" rel=\"noopener\">Solicitar proposta<\/a><br \/>\n<a href=\"https:\/\/amusicavive.com\/2024\/quem-somos-amv\">Quem somos<\/a><br \/>\n<a href=\"https:\/\/amusicavive.com\/2024\/experiencias-musicais-amv\/\">Experi\u00eancias musicais<\/a><br \/>\n<a href=\"https:\/\/www.reserva.ink\/amusicavive\" target=\"_blank\" rel=\"noopener\">Loja<\/a><br \/>\n<a href=\"https:\/\/amusicavive.com\/agenda\" target=\"_blank\" rel=\"noopener\">Agenda<\/a>[\/vc_column_text][\/vc_column][\/vc_row][vc_row columns_placement=&#8221;middle&#8221; equal_height=&#8221;&#8221; hide_class=&#8221;wvc-show-tablet&#8221; background_type=&#8221;image&#8221; background_color=&#8221;transparent&#8221; background_img=&#8221;12856&#8243; background_position=&#8221;center bottom&#8221; background_size=&#8221;contain&#8221; background_img_lazyload=&#8221;1&#8243; shift_y=&#8221;0&#8243; z_index=&#8221;0&#8243;][vc_column width=&#8221;1\/2&#8243; background_type=&#8221;image&#8221; background_position=&#8221;center bottom&#8221; background_img_lazyload=&#8221;1&#8243; shift_x=&#8221;0&#8243; shift_y=&#8221;0&#8243; z_index=&#8221;0&#8243; css=&#8221;.vc_custom_1720464119539{padding-top: 0px !important;}&#8221;][vc_single_image image=&#8221;12340&#8243; full_width=&#8221;&#8221; text_align_mobile=&#8221;center&#8221; opacity=&#8221;100&#8243; max_width=&#8221;50%&#8221;][\/vc_column][vc_column width=&#8221;1\/2&#8243;][vc_column_text]<\/p>\n<p style=\"text-align: center;\"><span style=\"color: #f06798; font-weight: bold; font-size: 110%;\">Contato<\/span><\/p>\n<div style=\"text-align: center;\">\n<div style=\"font-size: 120%;\"><a href=\"https:\/\/www.linkedin.com\/company\/amusicavive\/\" target=\"_blank\" rel=\"noopener\"><i class=\"fas fa-fa-brands fa-linkedin-in\"><\/i><\/a><\/div>\n<div style=\"font-size: 120%;\"><a href=\"https:\/\/open.spotify.com\/user\/jvuehrfiay1ssl1rbrp6g3meu?si=ad7082f25f8843ea\" target=\"_blank\" rel=\"noopener\"><i class=\"fas fa-fa-brands fa-spotify\"><\/i><\/a><\/div>\n<div style=\"font-size: 120%;\"><a href=\"https:\/\/www.instagram.com\/a.musica.vive\/\" target=\"_blank\" rel=\"noopener\"><i class=\"fas fa-fa-brands fa-instagram\"><\/i><\/a><\/div>\n<\/div>\n<div>\n<p style=\"text-align: center;\"><a href=\"mailto:atendimento@amusicavive.com\" target=\"_blank\" rel=\"noopener\">atendimento@amusicavive.com<\/a><br \/>\n+55 11 99984 9567<\/p>\n<p style=\"text-align: center;\">1091 Av Presidente Kennedy<br \/>\nPiracicaba, S\u00e3o Paulo<br \/>\n13417-050<\/p>\n<\/div>\n<p>[\/vc_column_text][vc_column_text text_align_mobile=&#8221;center&#8221;]<span style=\"color: #fdb940; font-weight: bold; font-size: 110%;\">Sobre n\u00f3s<\/span><\/p>\n<p><a href=\"https:\/\/amusicavive.com\/2024\/landing-page-artistas-amv\/\">Conhe\u00e7a nossos artistas<\/a><br \/>\n<a href=\"https:\/\/amusicavive.com\/contrate\" target=\"_blank\" rel=\"noopener\">Solicitar proposta<\/a><br \/>\n<a href=\"https:\/\/amusicavive.com\/2024\/quem-somos-amv\">Quem somos<\/a><br \/>\n<a href=\"https:\/\/amusicavive.com\/2024\/experiencias-musicais-amv\/\">Experi\u00eancias musicais<\/a><br \/>\n<a href=\"https:\/\/www.reserva.ink\/amusicavive\" target=\"_blank\" rel=\"noopener\">Loja<\/a><br \/>\n<a href=\"https:\/\/amusicavive.com\/agenda\" target=\"_blank\" rel=\"noopener\">Agenda<\/a>[\/vc_column_text][\/vc_column][\/vc_row]<\/p>\n<\/div>","protected":false},"excerpt":{"rendered":"<p>[vc_row][vc_column][vc_column_text text_align_mobile=&#8221;center&#8221;]QUEM SOMOS A M\u00fasica Vive \u00e9 uma empresa de gest\u00e3o comercial para empres\u00e1rios e artistas do setor musical. Priorizamos transpar\u00eancia, compromisso e integridade. Nosso foco \u00e9 o aprimoramento cont\u00ednuo, responsabilidade social e encantamento dos clientes. Conhe\u00e7a nossos servi\u00e7os e transforme sua carreira musical conosco. [\/vc_column_text][\/vc_column][\/vc_row][vc_row equal_height=&#8221;&#8221; shift_y=&#8221;0&#8243; z_index=&#8221;0&#8243; css=&#8221;.vc_custom_1720462337067{margin-top: -50px !important;}&#8221;][vc_column width=&#8221;1\/2&#8243;][vc_column_text text_align_mobile=&#8221;center&#8221;]O QUE&#8230;<\/p>\n<p><a rel=\"bookmark\" class=\"theme-button-text wvc-button wvc-button-size-xs\" href=\"https:\/\/amusicavive.com\/2024\/quem-somos-amv\/\"><small class=\"wvc-button-background-fill\"><\/small><span>Continue reading<\/span><\/a><\/p>\n","protected":false},"author":9,"featured_media":0,"parent":0,"menu_order":0,"comment_status":"closed","ping_status":"closed","template":"","meta":{"footnotes":""},"class_list":{"0":"post-13190","1":"page","2":"type-page","3":"status-publish","4":"hentry","5":"entry","6":"clearfix","7":"entry-grid","8":"entry-columns-default","9":"entry-page-module-layout-standard","10":"no-post-thumbnail","11":"entry-page","13":"entry-page-grid"},"_links":{"self":[{"href":"https:\/\/amusicavive.com\/2024\/wp-json\/wp\/v2\/pages\/13190"}],"collection":[{"href":"https:\/\/amusicavive.com\/2024\/wp-json\/wp\/v2\/pages"}],"about":[{"href":"https:\/\/amusicavive.com\/2024\/wp-json\/wp\/v2\/types\/page"}],"author":[{"embeddable":true,"href":"https:\/\/amusicavive.com\/2024\/wp-json\/wp\/v2\/users\/9"}],"replies":[{"embeddable":true,"href":"https:\/\/amusicavive.com\/2024\/wp-json\/wp\/v2\/comments?post=13190"}],"version-history":[{"count":4,"href":"https:\/\/amusicavive.com\/2024\/wp-json\/wp\/v2\/pages\/13190\/revisions"}],"predecessor-version":[{"id":13419,"href":"https:\/\/amusicavive.com\/2024\/wp-json\/wp\/v2\/pages\/13190\/revisions\/13419"}],"wp:attachment":[{"href":"https:\/\/amusicavive.com\/2024\/wp-json\/wp\/v2\/media?parent=13190"}],"curies":[{"name":"wp","href":"https:\/\/api.w.org\/{rel}","templated":true}]}}